83 - -2?
1a585
In base 12, what is -219 + 197?
-42
In base 3, what is 112012112 - 20?
112012022
In base 8, what is 13413 + 241?
13654
In base 2, what is 101000100 + -11110?
100100110
In base 12, what is 3171 - 2a?
3143
In base 15, what is -23b + 10a?
-131
In base 9, what is 12188 - 13?
12175
In base 5, what is 101410 + -1441?
44414
In base 11, what is -4732 + 29?
-4704
In base 5, what is 43 - 211434?
-211341
In base 6, what is -5 - -243450?
243441
In base 10, what is -269 - -3165?
2896
In base 13, what is -78 - -c00?
b55
In base 15, what is 8026 + -47?
7ece
In base 9, what is 5 - 8584?
-8578
In base 5, what is 241 + -41033?
-40242
In base 13, what is -3c - 1b0?
-21c
In base 8, what is 147 + 30276?
30445
In base 5, what is -2213331 + -1?
-2213332
In base 5, what is -21 + -221001?
-221022
In base 16, what is 8 - f26?
-f1e
In base 8, what is -156375 - -1?
-156374
In base 8, what is 22 + -4633?
-4611
In base 4, what is 323131 - -11030?
1000221
In base 2, what is 10 - -10000000001110?
10000000010000
In base 15, what is -3db67 - -d?
-3db59
In base 12, what is -2 + 18051?
1804b
In base 12, what is -22ab73 - 1?
-22ab74
In base 16, what is -d1 - -564?
493
In base 7, what is -11312 - 3?
-11315
In base 3, what is -20102202 + 12102?
-20020100
In base 3, what is 1 - 12201121?
-12201120
In base 11, what is -2215 - -2?
-2213
In base 15, what is -2d - 71?
-9e
In base 11, what is -1194 - -17?
-1178
In base 12, what is -8b92 - -6?
-8b88
In base 10, what is -31460 + 7?
-31453
In base 6, what is -14 - -155224?
155210
In base 9, what is 358 - 13?
345
In base 15, what is 963103 + -3?
963100
In base 9, what is 151 + -532?
-371
In base 2, what is 10011000 + -1111000110?
-1100101110
In base 5, what is -2122 + 331?
-1241
In base 9, what is -816072 - 0?
-816072
In base 15, what is -2d05 + -4?
-2d09
In base 3, what is -10 - 1010211212210?
-1010211212220
In base 5, what is 1302 + -2341?
-1034
In base 8, what is -221565 - 3?
-221570
In base 5, what is -33 + -3200?
-3233
In base 11, what is -34 + -31165?
-31199
In base 9, what is 8 - -66464?
66473
In base 4, what is -33103021 + 0?
-33103021
In base 4, what is 3 - 1011210212?
-1011210203
In base 15, what is 1c - 329?
-30c
In base 13, what is b4 + -7747?
-7663
In base 15, what is -1 + 35da?
35d9
In base 10, what is -8529023 + -2?
-8529025
In base 13, what is 3 - -563?
566
In base 12, what is -118 + -314?
-430
In base 12, what is -166582 - -3?
-16657b
In base 5, what is -3 + 20121043?
20121040
In base 15, what is 157 - 23?
134
In base 10, what is -3295 + 11?
-3284
In base 5, what is 11134244 - 4?
11134240
In base 6, what is -422415 - 13?
-422432
In base 14, what is 20 + 428c?
42ac
In base 6, what is 40530 - 434?
40052
In base 15, what is -1ac3 + 3a?
-1a88
In base 16, what is -3aa6c - -2?
-3aa6a
In base 6, what is -53145 + 14?
-53131
In base 2, what is -1110100010011 + 10011?
-1110100000000
In base 2, what is 11111100010000 + -11?
11111100001101
In base 3, what is -22121112 - -2112?
-22112000
In base 11, what is 931 + 2734?
3565
In base 3, what is -12122 + -222112?
-1012011
In base 5, what is -2 + 421304?
421302
In base 5, what is -3 + 231001?
230443
In base 8, what is 1217 + 13?
1232
In base 9, what is 333 - -127?
461
In base 8, what is -5 - -310044?
310037
In base 13, what is -3 + 945b5?
945b2
In base 8, what is -536 + 55?
-461
In base 8, what is 3605 + -30?
3555
In base 2, what is -1110 + 10011110011?
10011100101
In base 12, what is -1519 - -25?
-14b4
In base 2, what is -101100110100010011 - 10?
-101100110100010101
In base 13, what is -911 + -3a?
-94b
In base 5, what is -4 + 34401023?
34401014
In base 10, what is -3 - -339834?
339831
In base 11, what is 3a2 - -12?
404
In base 14, what is -11d566 + 4?
-11d562
In base 7, what is 4 - 21500052?
-21500045
In base 12, what is 97b8 - 135?
9683
In base 7, what is -1126 - -324?
-502
In base 15, what is 3 - -35c07?
35c0a
In base 16, what is 41 - -39a?
3db
In base 9, what is 62 - 10?
52
In base 6, what is 135552 - 5?
135543
In base 13, what is -60 + -12a?
-18a
In base 12, what is 10 - 4315?
-4305
In base 8, what is 1724 - 250?
1454
In base 2, what is 10101111110 + 1110?
10110001100
In base 2, what is -11111110011000111 + -101?
-11111110011001100
In base 6, what is -1041 + 12?
-1025
In base 7, what is -31164 - 2141?
-33335
In base 14, what is 38d0 + -45?
3889
In base 4, what is -20102 - 232212?
-312320
In base 11, what is 401a3 + 4?
401a7
In base 12, what is 28a - -4a1?
76b
In base 15, what is -5 - 19a08?
-19a0d
In base 16, what is -572a + 3d?
-56ed
In base 3, what is 10101022012 - 1021?
10101020221
In base 11, what is 11a - -1035?
1154
In base 15, what is 123ee - 8?
123e6
In base 15, what is -5ae + 195?
-419
In base 10, what is -10 - 27281?
-27291
In base 8, what is 126 + -540?
-412
In base 6, what is -11404042 - 30?
-11404112
In base 7, what is -4 + -124412?
-124416
In base 13, what is 248a1 - 5?
24899
In base 9, what is -500 + 67?
-422
In base 8, what is 2 - -11100?
11102
In base 8, what is -4166 - 105?
-4273
In base 12, what is 23 - 1656?
-1633
In base 15, what is 4 - 57be?
-57ba
In base 5, what is -100020 + -10100?
-110120
In base 15, what is 3 + 2ae5?
2ae8
In base 14, what is 1 - 13070?
-1306d
In base 3, what is 110202 + 11000?
121202
In base 4, what is 1 - 31232003?
-31232002
In base 8, what is -440 - 1332?
-1772
In base 9, what is -233 + -625?
-858
In base 12, what is -2 - -7447a?
74478
In base 4, what is -2012 - 3031?
-11103
In base 15, what is 1d074 - -9?
1d07d
In base 3, what is -201212210 - 20?
-201220000
In base 2, what is -1011101 - -111100000?
110000011
In base 6, what is 24500 - 1?
24455
In base 4, what is -33012 + -20?
-33032
In base 10, what is 445 - -1916?
2361
In base 12, what is -5390 + -18?
-53a8
In base 16, what is 1105 - -4?
1109
In base 16, what is 66b8 - -1d?
66d5
In base 9, what is -74 + 161?
76
In base 4, what is 2111 + 3103?
11220
In base 13, what is -35b - 20?
-37b
In base 2, what is -1111011110010101011110 - -1?
-1111011110010101011101
In base 11, what is -1126 + 25?
-1101
In base 5, what is -10203214 - 0?
-10203214
In base 13, what is -8769 - -6?
-8763
In base 14, what is -4336 + -7?
-433d
In base 3, what is -1221221112 - -2?
-1221221110
In base 14, what is -36a - -b96?
82a
In base 12, what is -2647 + -3?
-264a
In base 15, what is -36c + 3c9?
5c
In base 5, what is 32 - 2242104?
-2242022
In base 3, what is 111 + 202110?
202221
In base 12, what is 163579 + -1?
163578
In base 11, what is -431 - 912?
-1243
In base 13, what is -24a - 0?
-24a
In base 10, what is 60 + -28282?
-28222
In base 3, what is -2 - 2012202122110?
-2012202122112
In base 12, what is 3 + 40b76?
40b79
In base 13, what is 1c - -339?
358
In base 16, what is 167 - -362?
4c9
In base 8, what is 161 + 5465?
5646
In base 16, what is 4 + 100d4?
100d8
In base 8, what is 165 + -63?
102
In base 5, what is 11 - 23010?
-22444
In base 9, what is 10 - -327?
337
In base 9, what is -11 - 17848?
-17860
In base 16, what is -2 + -ced?
-cef
In base 13, what is 2 + -510b6?
-510b4
In base 5, what is 2443414 - -1?
2443420
In base 7, what is 10030001 - -2?
10030003
In base 12, what is a06 + -15?
9b1
In base 6, what is -405525 + 1?
-405524
In base 13, what is 1 + 16625?
16626
In base 4, what is -323 + 131201?
130212
In base 5, what is -2 - 313320?
-313322
In base 13, what is -14a29 - 0?
-14a29
In base 8, what is -1 + 253375?
253374
In base 8, what is 271731 - -6?
271737
In base 14, what is -30a - d?
-319
In base 14, what is 79 + 288?
323
In base 2, what is -101 - 111000110110110?
-111000110111011
In base 10, what is -1 + -869?
-870
In base 15, what is -c2 - -5e8?
526
In base 11, what is 187 - -34?
210
In base 12, what is 9 - a618?
-a60b
In base 8, what is -27534 - -21?
-27513
In base 4, what is -101222 + 2130?
-33032
In base 8, what is -2327 + -3626?
-6155
In base 12, what is -a7809 + 0?
-a7809
In base 11, what is -1 + -3800?
-3801
In base 6, what is 21 + 1205040?
1205101
In base 10, what is -2 + 8851?
8849
In base 13, what is -2c7 - c9b?
-1295
In base 14, what is 207b2 - -1?
207b3
In base 14, what is -37a + -8?
-384
In base 6, what is -35124 + 5?
-35115
In base 16, what is 1 - 3f2cc?
-3f2cb
In base 4, what is 213023213 - -3?
213023222
In base 6, what is 5 - 125014?
-125005
In base 12, what is 15 + 301?
316
In b